{"id":36,"date":"2018-09-19T16:25:32","date_gmt":"2018-09-19T16:25:32","guid":{"rendered":"http:\/\/ssv.stonepit.de\/?page_id=36"},"modified":"2018-09-19T16:25:32","modified_gmt":"2018-09-19T16:25:32","slug":"schiessen","status":"publish","type":"page","link":"http:\/\/ssv.stonepit.de\/?page_id=36","title":{"rendered":"Schiessen"},"content":{"rendered":"<p>Trainiert wird Montags und Freitags jeweils ab ca. 19:00 Uhr auf unserem Schiessstand in der Gemeindehalle Kirchborchen. Dort sehen 10 Luftdruckst\u00e4nde mit elektrischem Antrieb zur Verf\u00fcgung.<\/p>\n<p>Wer Interesse am sportlichen Schiessen mit Luftdruckwaffen hat ist bei uns nat\u00fcrlich jederzeit herzlich willkommen. Neulinge sollten sich aber vorab mit dem Sportwart in Verbindung setzen.<\/p>\n<p>Schiessen darf eigentlich jeder der Spass daran hat. Sch\u00fcler und Jugendliche ab 12 Jahren brauchen allerdings eine Einverst\u00e4ndniserkl\u00e4rung ihrer Eltern. Unter 12 j\u00e4hrige ben\u00f6tigen eine Genehmigung der Kreispolizeibeh\u00f6rde.<\/p>\n<p>Nach oben hin sind nat\u00fcrlich keine Grenzen gesetzt, wobei Sch\u00fctzen ab 47 Jahren die M\u00f6glichkeit haben, aufgelegt zu schie\u00dfen. F\u00fcr Anf\u00e4nger stehen unsere\u00a0Vereinswaffen\u00a0(8 Luftgewehre und 4 Luftpistolen) zu Verf\u00fcgung.<\/p>\n","protected":false},"excerpt":{"rendered":"<p>Trainiert wird Montags und Freitags jeweils ab ca. 19:00 Uhr auf unserem Schiessstand in der Gemeindehalle Kirchborchen. Dort sehen 10 Luftdruckst\u00e4nde mit elektrischem Antrieb zur Verf\u00fcgung. Wer Interesse am sportlichen Schiessen mit Luftdruckwaffen hat ist bei uns nat\u00fcrlich jederzeit herzlich&hellip; <\/p>\n","protected":false},"author":1,"featured_media":0,"parent":0,"menu_order":0,"comment_status":"closed","ping_status":"closed","template":"","meta":[],"_links":{"self":[{"href":"http:\/\/ssv.stonepit.de\/index.php?rest_route=\/wp\/v2\/pages\/36"}],"collection":[{"href":"http:\/\/ssv.stonepit.de\/index.php?rest_route=\/wp\/v2\/pages"}],"about":[{"href":"http:\/\/ssv.stonepit.de\/index.php?rest_route=\/wp\/v2\/types\/page"}],"author":[{"embeddable":true,"href":"http:\/\/ssv.stonepit.de\/index.php?rest_route=\/wp\/v2\/users\/1"}],"replies":[{"embeddable":true,"href":"http:\/\/ssv.stonepit.de\/index.php?rest_route=%2Fwp%2Fv2%2Fcomments&post=36"}],"version-history":[{"count":1,"href":"http:\/\/ssv.stonepit.de\/index.php?rest_route=\/wp\/v2\/pages\/36\/revisions"}],"predecessor-version":[{"id":37,"href":"http:\/\/ssv.stonepit.de\/index.php?rest_route=\/wp\/v2\/pages\/36\/revisions\/37"}],"wp:attachment":[{"href":"http:\/\/ssv.stonepit.de\/index.php?rest_route=%2Fwp%2Fv2%2Fmedia&parent=36"}],"curies":[{"name":"wp","href":"https:\/\/api.w.org\/{rel}","templated":true}]}}